148?
8
What is the units digit of 1742?
2
What is the thousands digit of 34486?
4
What is the thousands digit of 1109?
1
What is the units digit of 29044?
4
What is the tens digit of 6822?
2
What is the tens digit of 2289?
8
What is the hundreds digit of 25490?
4
What is the tens digit of 15562?
6
What is the hundreds digit of 937?
9
What is the tens digit of 95343?
4
What is the tens digit of 54011?
1
What is the hundreds digit of 2777?
7
What is the units digit of 4257?
7
What is the units digit of 267?
7
What is the tens digit of 24226?
2
What is the units digit of 73?
3
What is the tens digit of 7323?
2
What is the tens digit of 2212?
1
What is the units digit of 183?
3
What is the thousands digit of 1618?
1
What is the hundreds digit of 295?
2
What is the hundreds digit of 7445?
4
What is the tens digit of 23749?
4
What is the units digit of 26506?
6
What is the tens digit of 705?
0
What is the thousands digit of 92742?
2
What is the ten thousands digit of 37704?
3
What is the hundreds digit of 11364?
3
What is the thousands digit of 121786?
1
What is the hundreds digit of 4696?
6
What is the thousands digit of 33023?
3
What is the hundreds digit of 21726?
7
What is the ten thousands digit of 100764?
0
What is the hundred thousands digit of 169659?
1
What is the units digit of 22933?
3
What is the tens digit of 771?
7
What is the units digit of 1009?
9
What is the hundreds digit of 626?
6
What is the hundreds digit of 401?
4
What is the hundreds digit of 1621?
6
What is the hundred thousands digit of 132221?
1
What is the units digit of 4455?
5
What is the tens digit of 6569?
6
What is the thousands digit of 1974?
1
What is the ten thousands digit of 15422?
1
What is the tens digit of 2350?
5
What is the thousands digit of 31975?
1
What is the thousands digit of 7652?
7
What is the units digit of 2269?
9
What is the hundreds digit of 871?
8
What is the thousands digit of 5548?
5
What is the units digit of 514?
4
What is the ten thousands digit of 17886?
1
What is the units digit of 759?
9
What is the thousands digit of 2518?
2
What is the hundreds digit of 2011?
0
What is the hundreds digit of 8173?
1
What is the thousands digit of 7032?
7
What is the hundreds digit of 29910?
9
What is the units digit of 9436?
6
What is the units digit of 584?
4
What is the units digit of 818?
8
What is the hundreds digit of 4532?
5
What is the tens digit of 7292?
9
What is the hundreds digit of 6717?
7
What is the ten thousands digit of 18918?
1
What is the units digit of 2333?
3
What is the units digit of 7999?
9
What is the units digit of 1523?
3
What is the thousands digit of 4423?
4
What is the units digit of 11018?
8
What is the units digit of 7?
7
What is the thousands digit of 6356?
6
What is the thousands digit of 3979?
3
What is the thousands digit of 1394?
1
What is the hundreds digit of 11411?
4
What is the tens digit of 156?
5
What is the tens digit of 93?
9
What is the ten thousands digit of 18558?
1
What is the hundreds digit of 15949?
9
What is the thousands digit of 5165?
5
What is the hundreds digit of 3855?
8
What is the tens digit of 459?
5
What is the hundreds digit of 414?
4
What is the tens digit of 100590?
9
What is the hundreds digit of 1474?
4
What is the tens digit of 5332?
3
What is the units digit of 836?
6
What is the tens digit of 534?
3
What is the tens digit of 195?
9
What is the ten thousands digit of 20228?
2
What is the ten thousands digit of 24424?
2
What is the tens digit of 26081?
8
What is the hundreds digit of 28354?
3
What is the units digit of 17728?
8
What is the hundreds digit of 3712?
7
What is the ten thousands digit of 16973?
1
What is the units digit of 132?
2
What is the hundreds digit of 7000?
0
What is the ten thousands digit of 16727?
1
What is the units digit of 4872?
2
What is the ten thousands digit of 11057?
1
What is the units digit of 2036?
6
What is the ten thousands digit of 58534?
5
What is the tens digit of 3911?
1
What is the hundreds digit of 9558?
5
What is the thousands digit of 1957?
1
What is the tens digit of 2979?
7
What is the units digit of 1134?
4
What is the tens digit of 1434?
3
What is the units digit of 155?
5
What is the ten thousands digit of 10226?
1
What is the units digit of 4?
4
What is the units digit of 2028?
8
What is the hundreds digit of 296?
2
What is the units digit of 933?
3
What is the hundreds digit of 26510?
5
What is the thousands digit of 30565?
0
What is the tens digit of 1534?
3
What is the tens digit of 37823?
2
What is the thousands digit of 5068?
5
What is the tens digit of 2360?
6
What is the hundreds digit of 2874?
8
What is the hundreds digit of 18963?
9
What is the tens digit of 7730?
3
What is the hundreds digit of 8279?
2
What is the units digit of 3841?
1
What is the tens digit of 3900?
0
What is the units digit of 348?
8
What is the tens digit of 15707?
0
What is the hundreds digit of 891?
8
What is the tens digit of 57395?
9
What is the thousands digit of 7097?
7
What is the tens digit of 92703?
0
What is the tens digit of 71629?
2
What is the hundreds digit of 18310?
3
What is the units digit of 484?
4
What is the units digit of 1058?
8
What is the thousands digit of 88986?
8
What is the units digit of 13345?
5
What is the ten thousands digit of 84169?
8
What is the thousands digit of 21799?
1
What is the hundreds digit of 3976?
9
What is the tens digit of 130?
3
What is the ten thousands digit of 74710?
7
What is the tens digit of 78021?
2
What is the tens digit of 78069?
6
What is the units digit of 111410?
0
What is the ten thousands digit of 51913?
5
What is the units digit of 40027?
7
What is the tens digit of 2245?
4
What is the units digit of 11126?
6
What is the hundreds digit of 3766?
7
What is the hundreds digit of 887?
8
What is the tens digit of 128163?
6
What is the units digit of 3287?
7
What is the units digit of 1618?
8
What is the hundreds digit of 67030?
0
What is the hundreds digit of 180?
1
What is the thousands digit of 6341?
6
What is the thousands digit of 2476?
2
What is the hundreds digit of 14889?
8
What is the units digit of 1231?
1
What is the hundreds digit of 2047?
0
What is the thousands digit of 71612?
1
What is the tens digit of 278?
7
What is the units digit of 2548?
8
What is the units digit of 29847?
7
What is the tens digit of 72?
7
What is the units digit of 7237?
7
What is the hundreds digit of 1418?
4
What is the ten thousands digit of 25911?
2
What is the units digit of 8903?
3
What is the units digit of 250?
0
What is the tens digit of 98?
9
What is the tens digit of 26771?
7
What is the ten thousands digit of 16231?
1
What is the tens digit of 105894?
9
What is the units digit of 20677?
7
What is the units digit of 3173?
3
What is the tens digit of 796?
9
What is the tens digit of 980?
8
What is the thousands digit of 1101?
1
What is the tens digit of 1477?
7
What is the units digit of 1282?
2
What is the ten thousands digit of 18620?
1
What is the hundreds digit of 3223?
2
What is the hundreds digit of 100614?
6
What is the tens digit of 1299?
9
What is the thousands digit of 1398?
1
What is the units digit of 10650?
0
What is the units digit of 33211?
1
What is the hundreds digit of 321?
3
What is the units digit of 4610?
0
What is the thousands digit of 2967?
2
What is the units digit of 1525?
5
What is the units digit of 22483?
3
What is the hundreds digit of 3614?
6
What is the units digit of 4848?
8
What is the ten thousands digit of 15510?
1
What is the ten thousands digit of 11483?
1
What is the units digit of 1258?
8
What is the tens digit of 13924?
2
What is the thousands digit of 27122?
7
What is the ten thousands digit of 14121?
1
What is the units digit of 28681?
1
What is the ten thousands digit of 51608?
5
What is the thousands digit of 5221?
5
What is the units digit of 102?
2
What is the hundreds digit of 2186?
1
What is the units digit of 8882?
2
What is the thousands digit of 2227?
2
What is the hundred thousands digit of 169125?
1
What is the units digit of 998?
8
What is the hundred thousands digit of 104286?
1
What is the units digit of 2203?
3
What is the thousands digit of 6934?
6
What is the units digit of 1783?
3
What is the tens digit of 10178?
7
What is the hundreds digi